a composite number?
False
Is 2989022789 prime?
True
Is 687631723 a composite number?
False
Is 13030033 composite?
True
Is 391599073 prime?
True
Is 2454958999 prime?
True
Is 429957613 a prime number?
True
Is 4106096851 a composite number?
False
Is 1406959 composite?
False
Is 311973379 a prime number?
False
Is 35892191911 prime?
False
Is 1716642373 composite?
True
Is 364547788613 prime?
True
Is 11159081821 a prime number?
False
Is 121035277509 a prime number?
False
Is 2926811311 prime?
True
Is 6122006827 a composite number?
True
Is 3974484473 composite?
False
Is 1741338919 a prime number?
True
Is 54961302839 a prime number?
True
Is 7682733269 a prime number?
True
Is 2474058949 composite?
True
Is 40471499 prime?
True
Is 206074573 composite?
True
Is 16220351351 composite?
False
Is 21107986421 prime?
False
Is 779374901 a prime number?
True
Is 2326568851 composite?
False
Is 43091551 composite?
False
Is 4195464811 prime?
True
Is 1236832351 a composite number?
True
Is 1861221067 composite?
True
Is 1072452391 a prime number?
True
Is 1802329723 composite?
True
Is 13900025239 a composite number?
False
Is 3316881151 a composite number?
False
Is 39539300399 a prime number?
True
Is 506233229 a composite number?
False
Is 4433616185 a prime number?
False
Is 3846647119 a composite number?
True
Is 10658464319 prime?
False
Is 8354184857 prime?
True
Is 163039067 composite?
True
Is 78030192577 a composite number?
False
Is 234989591 composite?
True
Is 4475085467 a prime number?
True
Is 68077748363 a composite number?
True
Is 8242703519 a prime number?
False
Is 12828725033 composite?
True
Is 2262551657 a composite number?
False
Is 1662862981 a prime number?
False
Is 249126529 prime?
True
Is 137359927 a prime number?
True
Is 109904273 prime?
True
Is 1420240721 composite?
True
Is 194302334371 a composite number?
False
Is 41663686577 a prime number?
False
Is 28796695883 composite?
True
Is 441826529 a prime number?
False
Is 23977200581 a composite number?
False
Is 6263325065 a composite number?
True
Is 125479730647 a prime number?
True
Is 6144399581 a prime number?
True
Is 9846427249 prime?
True
Is 103962000167 composite?
False
Is 52664506723 composite?
True
Is 173071749 a prime number?
False
Is 1111314511 a prime number?
False
Is 2995630019 a prime number?
True
Is 51735524833 composite?
True
Is 11859702119 a prime number?
False
Is 3744556177 a prime number?
False
Is 799739851 a composite number?
False
Is 1139392219 a prime number?
False
Is 2143771307 a composite number?
False
Is 76702026437 prime?
True
Is 2303937358 a prime number?
False
Is 17156443267 a prime number?
False
Is 19164887594 composite?
True
Is 565359631 a composite number?
False
Is 133899239 prime?
True
Is 43582812646 a composite number?
True
Is 42416307487 composite?
True
Is 2055309521 composite?
False
Is 40218999707 a prime number?
True
Is 7197468329 a composite number?
False
Is 1710598153 composite?
True
Is 8187197177 a composite number?
True
Is 1329775651 prime?
True
Is 2762487517 a prime number?
False
Is 7542048541 composite?
False
Is 2459454143 a prime number?
False
Is 465946241 composite?
False
Is 27690049957 prime?
True
Is 218162459 prime?
True
Is 2964310789 a prime number?
False
Is 5387828933 prime?
False
Is 49448562359 composite?
True
Is 2414612113 composite?
False
Is 44744084659 a prime number?
False
Is 89502631 a composite number?
True
Is 67596671 prime?
False
Is 137978803 a composite number?
False
Is 6337786379 prime?
True
Is 47219657 a composite number?
True
Is 12286872991 composite?
False
Is 27303441569 a composite number?
False
Is 3710458399 a prime number?
False
Is 2049203963 prime?
True
Is 81942976061 a prime number?
True
Is 110504299 composite?
False
Is 500949649 composite?
True
Is 94479782981 a prime number?
False
Is 633992059 composite?
False
Is 7626333989 composite?
False
Is 20725104919 prime?
True
Is 1359142261 composite?
False
Is 4095675253 a prime number?
True
Is 18426811309 prime?
False
Is 84059367079 a composite number?
False
Is 442336997 a prime number?
True
Is 56303951537 prime?
True
Is 5638140631 a prime number?
True
Is 753647599 prime?
True
Is 2657451143 prime?
True
Is 61518024835 composite?
True
Is 3290496889 prime?
True
Is 18075414193 a prime number?
True
Is 354690671 a prime number?
False
Is 181415303 prime?
False
Is 61451478115 a prime number?
False
Is 4082947853 a composite number?
False
Is 1726009015 composite?
True
Is 1031145443 prime?
True
Is 20307813907 composite?
True
Is 17921597599 composite?
False
Is 158557098977 composite?
True
Is 3667005439 prime?
True
Is 1182362479 a composite number?
True
Is 290830711 a composite number?
True
Is 41411164679 a prime number?
False
Is 2584824331 a composite number?
False
Is 3778715467 prime?
True
Is 2204256403 a prime number?
False
Is 843036169 composite?
False
Is 449744263 composite?
False
Is 10393785659 composite?
False
Is 70200181 a composite number?
False
Is 1740991429 prime?
False
Is 11794536971 composite?
True
Is 34323155767 a composite number?
False
Is 37178276489 composite?
False
Is 31220777135 composite?
True
Is 4152689 a prime number?
False
Is 594361167 composite?
True
Is 3929720635 prime?
False
Is 1242071279 a composite number?
True
Is 9628818557 a composite number?
False
Is 17092348589 composite?
False
Is 1006710941 prime?
False
Is 1476163777 composite?
True
Is 56091580439 composite?
True
Is 47211285629 a prime number?
False
Is 446502323 a prime number?
True
Is 14282087711 a composite number?
False
Is 11871699451 prime?
True
Is 1015822037 a composite number?
False
Is 11015065543 a prime number?
True
Is 5659635973 a prime number?
True
Is 1050793789 a prime number?
False
Is 481462127 composite?
True
Is 4779866941 composite?
True
Is 6234992194 a composite number?
True
Is 274709818 composite?
True
Is 7591441787 a composite number?
False
Is 124725761 prime?
False
Is 3769233827 a composite number?
False
Is 26764257381 a composite number?
True
Is 301129369 prime?
True
Is 12868856141 composite?
False
Is 15624671 a composite number?
True
Is 1057656607 composite?
True
Is 1470975049 composite?
False
Is 100885087826 composite?
True
Is 1458645563 a prime number?
False
Is 341425033 a prime number?
False
Is 2209033891 prime?
False
Is 1717880729 a prime number?
True
Is 446759563207 a prime number?
False
Is 1080325183 prime?
False
Is 81102511 composite?
True
Is 8647950503 composite?
True
Is 928312787 prime?
True
Is 1028272589 a composite number?
False
Is 372111749 composite?
False
Is 1177891315 prime?
False
Is 859133357 a composite number?
False
Is 8345699579 composite?
True
Is 69003343 composite?
False
Is 1647332689 a composite number?
True
Is 11282482573 a prime number?
False
Is 1654532683 a composite number?
False
Is 321411557 a prime number?
False
Is 1477348381 composite?
True
Is 33518206957 a prime number?
False
Is 2871562301 composite?
False
Is 821378399 composite?
False
Is 1599647377 a composite number?
False
Is 39580485499 a prime number?
True
Is 174813773 a prime number?
True
Is 801653323 a composite number?
False
Is 2436040763 prime?
False
Is 19965478259 a prime number?
True
Is 6693713153 a composite number?
False
Is 850886947 prime?
True
Is 3252560629 a composite number?
False
Is 8933849387 a prime number?
False
Is 787314809 a composite number?
False
Is 119030833 prime?
False
Is 1957902511 a prime number?
False
Is 6594041897 composite?
True
Is 2243232281 composite?
False
Is 286311911 composite?
True
Is 10480263317 prime?
True
Is 21231137867 prime?
False
Is 60601512857 composite?
False
Is 189922634009 a composite number?
False
Is 287743667 prime?
True
Is 28305479857 composite?
False
Is 31300698029 a composite number?
False
Is 723219809 a prime number?
False
Is 2384562269 a prime number?
False
Is 2705945551 a composite number?
True
Is 6175457669 a prime number?
False
Is 5801093231 composite?
True
Is 49320838559 a composite number?
True
Is 30375831359 composite?
False
Is 10384928011 prime?
False
Is 78021703 composite?
False
Is 52641582547 a prime number?
False
Is 3781917739 a composite number?
True
Is 456955675141 a prime number?
False
Is 42031708721 composite?
True
Is 1208845079 composite?
True
Is 921831541 a composite number?
False
Is 5806242941 a composite number?
True
Is 19308077099 composite?
True
Is 15423360661 a c